u - 2*y. What is the remainder when 19 is divided by u?
9
Suppose 5*h - 23 - 242 = 0. Let s = -14 + h. Calculate the remainder when s is divided by (315/75)/(3*(-2)/(-20)).
11
Suppose -160 = -6*a - 2*a. Calculate the remainder when 86 is divided by a.
6
Let g = 185 + -178. Calculate the remainder when 48 is divided by g.
6
Suppose -6*d + 4*d = -272. Let i = d - 95. Let a(q) = -q**3 - 3*q**2 + 2*q + 3. What is the remainder when i is divided by a(-4)?
8
Let w = -56 - -67. Let o be (-1 - (-2 + 2))*0. Suppose o = 6*z - z - 210. Calculate the remainder when z is divided by w.
9
Suppose -w + 135 - 82 = 0. What is the remainder when 422 is divided by w?
51
Let n = -1306 + 1327. Calculate the remainder when 37 is divided by n.
16
Let k(g) = -4*g**2 - 39*g + 11. Let b be k(-10). Let w(h) = 21*h + 33*h - 15*h. What is the remainder when w(b) is divided by 10?
9
Let q = -56 + -86. Let u = -54 - q. What is the remainder when u is divided by 18?
16
Let z(r) = -6*r**2 + 65*r - 4. Calculate the remainder when z(6) is divided by 35.
30
Let l = -45 + 52. Suppose 0 = -b + 5*q + l, -40 = 4*b + 4*q - 140. Calculate the remainder when b is divided by 13.
9
Suppose 1549 = -5*m + 1579. Suppose -14 = 4*f - 102. Calculate the remainder when f is divided by m.
4
Let n(d) = d + 3. Let u be n(0). Suppose 0 = -2*k - 3*m + 10, -14 = k - u*k - 2*m. Calculate the remainder when 43 is divided by k.
10
Let i = 194 - 150. Calculate the remainder when 130 is divided by i.
42
Suppose -b + 3*p + 61 = 4*p, 2*b - p = 122. Let c = 279 - 270. What is the remainder when b is divided by c?
7
Suppose -z + 4*c + 15 = 0, 5*z + 8*c - 3*c - 75 = 0. What is the remainder when 71 is divided by z?
11
Suppose 3 = i + 2*d - 8, -5*i + d = -77. Suppose -r = -4*w + 178, -5*r + 0*r = w - 34. Calculate the remainder when w is divided by i.
14
What is the remainder when (29 - 27) + 2 + 79 is divided by 29?
25
Let w = 443 + -324. What is the remainder when w is divided by 20?
19
Let p = 25 - 4. Let t = 97 - 56. Let l = -2 + t. Calculate the remainder when l is divided by p.
18
Let f(t) = t**2 + 73*t - 469. Suppose -m - 3*m = -4*a - 32, 4*a = 2*m - 24. What is the remainder when f(6) is divided by m?
1
Suppose -13*b + 10 = -12*b. Calculate the remainder when b is divided by (-35)/(-2)*12/21.
0
Suppose -l - y + 5 = 0, -y + 2 = 2*l - 3*y. Suppose l*k = 7 + 14. Calculate the remainder when 19 is divided by k.
5
Suppose 0 = i - 209 + 45. Let l(f) = 19*f**2. Let q be l(-2). Calculate the remainder when 55 is divided by 3/(-2 + i/q).
17
Let x = -3 + 6. Calculate the remainder when 35*(-5 + 31/5) is divided by (1/x)/((-4)/(-132)).
9
Let g = 26 + 535. What is the remainder when g is divided by 27?
21
Let v(l) = -5 - 14 + 3*l - 4*l + 4. Let y be v(-8). Calculate the remainder when y/((-28)/(-8)) + 32 is divided by 11.
8
Let u(y) = y**2 - 5*y - 1319. Let l(v) = 2*v**2 + 6*v - v**2 - 3*v. What is the remainder when u(-34) is divided by l(-4)?
3
Suppose 5*v - 7 = 3*t - 30, -4*t = -3*v - 16. Let x be 10*t/((-10)/(-28)). Calculate the remainder when (-21)/x - (-134)/8 is divided by 4.
0
Suppose 6 = 8*x - 6*x. Let d be 12/4*2/x. Suppose -d*y - 11 = -49. What is the remainder when 74 is divided by y?
17
Suppose 0 = 4*k + 16, l - 23 = 3*k - 0*k. What is the remainder when 66 is divided by l?
0
Suppose -5*z + 4*z - 2*s - 6 = 0, 3 = -3*z - 3*s. What is the remainder when 375 is divided by z?
3
Let u(f) = f**3 + 7*f**2 + 3*f - 13. Calculate the remainder when 14 is divided by u(-6).
4
What is the remainder when 26 is divided by (-12)/42 + 264/(-56) + 19?
12
Let x be (-96)/((-7)/(63/6)). Suppose -4*n - x = 3*m - 7*m, 5*m + n = 186. Let b = 78 - m. Calculate the remainder when b is divided by 21.
20
Suppose -5*t - h = -147, -3 = 3*h + 6. Let u = t + -19. Let a = 22 + -16. Calculate the remainder when u is divided by a.
5
Let c be (-10)/(6/(-2 - 4)). Suppose -4*z + c = -2, -3*z = -4*u + 423. What is the remainder when u is divided by 37?
34
Suppose -52 = w + 5*u - 6, w + 4*u + 47 = 0. Let t = -30 - w. What is the remainder when t is divided by 10/14 - (-2)/7 - -10?
10
Let o(m) = -25*m**3 - 13*m**2 - 13*m. Calculate the remainder when o(-1) is divided by 6.
1
Let k = 4 - 1. Let z = 209 - 204. Calculate the remainder when z is divided by k.
2
Let p = 55 - 55. Suppose 5*r - 117 - 203 = p. Calculate the remainder when r is divided by 23.
18
Suppose 5*d = d - m + 11, -d - 6 = 2*m. Suppose 83 = d*n - 53. What is the remainder when 134 is divided by n?
32
Suppose -709*c + 766*c - 855 = 0. Let b(s) = -s**3 + 7*s**2 + 3*s - 4. What is the remainder when b(4) is divided by c?
11
Suppose 3 = c, -5*o + c + 15 + 7 = 0. What is the remainder when o is divided by 2?
1
Let x(i) = 18*i - 240. What is the remainder when 88 is divided by x(15)?
28
Calculate the remainder when 104 is divided by (-1 - (-23 + -5))/(2 - 1).
23
Suppose -2*c - 2*s = 76, 2*s - s - 2 = 0. Let u = -32 - c. What is the remainder when 46 is divided by u?
6
Let x = -758 - -808. Calculate the remainder when x is divided by 13.
11
Suppose 5*f = 3*w - 743, 6*w - 1010 = 2*w - 3*f. What is the remainder when w is divided by 32?
27
Let z(u) = -u**3 + 12*u**2 + u - 62. Suppose 5*n = -4*x + 66, -4*x - n + 86 = -6*n. Calculate the remainder when z(11) is divided by x.
13
Let o = 79 - -10. Let i(t) = -t**3 - 7*t**2 - 3*t + 2. Suppose -4*d - 14 = 14. What is the remainder when o is divided by i(d)?
20
Let y(l) = l**3 - 45*l**2 + 7*l - 301. Calculate the remainder when 1133 is divided by y(45).
13
Suppose -13121 = -5*h + 4*f, -2*f = 2*h - 3863 - 1371. What is the remainder when h is divided by 69?
68
Suppose 2*x - 4*x - 8 = 0. Calculate the remainder when (-186)/x*(-8)/(-12) is divided by 6.
1
Let t be 2*(-1 + 20/8). Suppose -t*x = f + 4*f - 71, 4*x = f + 87. Calculate the remainder when x is divided by 6.
4
What is the remainder when (((-6)/(-4))/(-3))/(65/(-12610)) is divided by 49?
48
Let w(q) = -8*q**3 - 42*q**2 + 21*q + 1. Calculate the remainder when 364 is divided by w(-6).
0
Let a = 280 - 233. What is the remainder when 183 is divided by a?
42
Let d be ((-8)/(-8))/(2/(-8)). Let p = 67 - d. Let t = 28 - 10. What is the remainder when p is divided by t?
17
Suppose -3*f + 25 = -3*d - 26, f = 3*d + 45. Let c = d + 23. Suppose 3*z - z - 5*x - 12 = 0, 5*x = 0. Calculate the remainder when c is divided by z.
3
Suppose 0 = 6*w - 59 - 199. Let a = 84 - w. What is the remainder when 120 is divided by a?
38
Calculate the remainder when 344/129*(-174)/(-4) is divided by 13.
12
Suppose -6*l = -4*l + 4*t - 550, l + t = 277. What is the remainder when l is divided by 20?
19
Let t = 242 + -231. What is the remainder when 53 is divided by t?
9
Suppose 9*l = 5*u + 8*l - 222, -u = -l - 42. Calculate the remainder when u is divided by 25.
20
Suppose 1100 = 14*f + 11*f. Calculate the remainder when 130 is divided by f.
42
Suppose 0 = -4*l + 6 + 14, -l = 2*c - 19. What is the remainder when ((-240)/(-45))/(2/9) is divided by c?
3
Suppose -32*j + 408 = 2*j. Calculate the remainder when -1*(-3 + -20) + -1 is divided by j.
10
Let g be (-1)/(2/128*4). Let y = -10 - g. Suppose 15 = 2*q - u, -u = -5*q - y*u + 15. What is the remainder when 10 is divided by q?
4
Let u(b) = -b**2 + 16*b + 8. Let f be u(7). Suppose 70*o + 88 = f*o. What is the remainder when o is divided by 15?
13
Let a(j) be the second derivative of -9*j**5/10 + j**2/2 - 10*j. Let i be a(1). Let u = -6 - i. What is the remainder when 30 is divided by u?
8
Calculate the remainder when 69 is divided by (-10)/55 + (-9)/(198/(-136)).
3
Let t = -19 - -34. Let r = -43 + 45. Suppose r*s + 2 = 0, 0*l + l - 4 = -5*s. Calculate the remainder when t is divided by l.
6
Suppose d - 3*d = -3*h - 187, 277 = 3*d - h. Suppose d*g - 94*g = -18. What is the remainder when 34 is divided by g?
7
Calculate the remainder when ((-216)/(-10))/(64/320) is divided by 29.
21
Suppose n - 4*n - 950 = -2*y, -n = y - 470. Calculate the remainder when y is divided by 51.
13
Suppose -9*i + 86 = -697. What is the remainder when 261 is divided by i?
0
Let v = -3185 + 3252. Calculate the remainder when v is divided by 6*4 + 0 + 0.
19
Suppose 0 = 2*f - 4*j - 16, 0*j - 4*j - 16 = -4*f. Calculate the remainder when 160 is divided by 48/2 - ((3 - f) + -2).
22
Suppose -f = 2*